.
1
Suppose -2*r - 4 = -32. Let v = -125 - -146. Calculate the highest common divisor of r and v.
7
Suppose 2*w - 2*p = 0, -2*w + 0*w - 4 = -4*p. Let j be 476/16 - w/(-8). Suppose -2*t = -2*n + 80, -2*t + t = -5. What is the greatest common divisor of j and n?
15
Let p(o) = -o - 3. Let x be p(-7). Let d be x/(-8) - (-21)/2. Suppose -y - 34 = -q + 36, 2*y = 0. Calculate the highest common factor of d and q.
10
Let m = -1 - 1. Let j = -5 + m. Let a = -5 - j. Calculate the greatest common divisor of 1 and a.
1
Let j be 51/12 - (-2)/(-8). Let b be ((-12)/(-5) + -2)*520. Suppose 0 = -w + 5*g + b, -3*w + j*g = -0*w - 602. What is the highest common divisor of 22 and w?
22
Suppose 5*i - 2*i - 21 = -2*o, 5*o = i - 24. Calculate the highest common divisor of i and 45.
9
Let i = -12 - -8. Let r be -6*(i/(-6) - 2). Let o be 2/(-7) - 142/(-7). What is the highest common divisor of r and o?
4
Let g be ((-1)/(-3))/(-2 - 302/(-150)). Let f be (25/(-2))/(2/(-4)). What is the greatest common divisor of f and g?
25
Let o be 134/4 - (-1)/2. Let y(u) = 4*u + 45. Let k be y(10). Calculate the highest common divisor of o and k.
17
Let j = -5 - -7. Suppose -j*k + 3*c + 2 = -5, 0 = k - 5*c. Calculate the greatest common divisor of k and 15.
5
Let z = -12 - -5. Let o = -1 - z. Calculate the highest common factor of o and 9.
3
Let r = -428 + 698. Suppose -4*v = -y - 483, y - r = -5*v + 336. Suppose 0 = 3*l - 2*l - 11. What is the greatest common divisor of l and v?
11
Let u = -43 - -67. What is the greatest common factor of u and 60?
12
Let z(g) = -3*g**2 - 4*g + 1. Let s(a) = 3*a**2 + 5*a. Let v(r) = -6*s(r) - 7*z(r). Let n be v(-7). Calculate the greatest common factor of 14 and n.
14
Let u be 132/(0 - (-9)/6). Calculate the greatest common factor of u and 11.
11
Let f = 6 - 2. What is the greatest common factor of f and 36?
4
Suppose -25 = -5*w - 4*n, 4*w + 4*n - 2*n = 14. Let x be -6 + 4 - (-10)/w. Calculate the greatest common divisor of x and 64.
8
Let s(x) be the first derivative of 13*x**4/4 + x**2 - x - 5. Let b be 3/2*(-2)/(-3). Let m be s(b). What is the highest common factor of m and 154?
14
Let z(v) = 2*v**2 + 8*v - 4. Let c be z(-8). Suppose m - c = -m. Suppose 3*g - 6*g = -f + 1, 2*g = 5*f - 44. What is the highest common divisor of f and m?
10
Let j(a) = 4*a**2 + a + 7. Let z(c) = -5*c**2 - 8. Let h(k) = 6*j(k) + 5*z(k). Let g be h(5). Calculate the highest common factor of 77 and g.
7
Suppose 2*r + 3*r = 3*j - 65, 5*r - 55 = -3*j. What is the highest common divisor of j and 15?
5
Suppose -23 = -3*r - 7*n + 2*n, 3*r - 4*n + 13 = 0. Let f be (2 - 0)*(33 + r). What is the greatest common divisor of 17 and f?
17
Let f be ((-3 - -4)/(-2))/(1/(-12)). Suppose -4*q - 44 = -4*l, 5*q - 1 = -l + 16. Let x be 1*(l/1)/2. Calculate the highest common factor of x and f.
6
Let t = 15 + -11. Suppose 4 = y - u, -t*y - 2 = 4*u + u. Let d = y + 0. Calculate the greatest common factor of 10 and d.
2
Let a be -2 + ((-2)/1)/(-2). Let p = 3 - a. What is the greatest common divisor of 2 and p?
2
Suppose -41 + 11 = -3*v. Calculate the highest common divisor of 90 and v.
10
Suppose 2*t = -4*u + 284, -2*t + 68 = 4*u - 3*u. What is the highest common factor of 9 and u?
9
Let a = 275 + -176. Calculate the greatest common factor of a and 11.
11
Suppose -9 = 5*f - 2*f. Suppose s - 3*p - 7 = 0, s + p + 5 = -0*p. Let i be ((-39)/f - s) + 0. What is the highest common divisor of 3 and i?
3
Let z = -2 - -18. Calculate the highest common factor of z and 128.
16
Suppose 4*w + z - 468 = -2*z, -4*w + 468 = -z. What is the greatest common factor of 13 and w?
13
Let x be 3 + 78*(-1)/((-4)/2). Suppose 4*n = 2*q + 120, 0 = -5*n - 4*q - 14 + 138. What is the greatest common factor of x and n?
14
Let j(k) = -13*k - 4. Let h be j(-4). What is the greatest common divisor of h and 32?
16
Suppose -2*p - p + s - 69 = 0, -p - 4*s = 36. Let a be (-110)/(-12) + 4/p. What is the greatest common factor of 27 and a?
9
Let s be ((-6)/12)/((-2)/40). Let c = 46 + -31. Let o = 45 - c. What is the greatest common factor of s and o?
10
Let t = -5 + 11. Suppose 0 = -4*g + 5*p - t, 2*g - 5 = g - 2*p. Let s(f) = 49*f - 1. Let u be s(g). Calculate the highest common factor of 12 and u.
12
Let h = -50 - -218. Calculate the greatest common factor of 21 and h.
21
Suppose -4*r = -5*u + 11, -18 = 2*u - 7*u - 3*r. Let p = -6 + 30. Calculate the greatest common divisor of u and p.
3
Let r = 886 - 556. Suppose g + r = 6*g. What is the highest common factor of g and 6?
6
Let h = -65 - -117. What is the highest common divisor of 4 and h?
4
Let i be (-5)/(90/(-80) - (1 + -2)). Calculate the highest common divisor of i and 10.
10
Suppose 0 = -9*b + 8*b + 2. What is the highest common factor of 2 and b?
2
Let h = -4 + 34. Let r(c) = c**2 + 3*c + 2. Let a be r(-6). Calculate the highest common factor of h and a.
10
Let h(g) = 23*g + 6. Let v be h(6). Calculate the greatest common divisor of 16 and v.
16
Let n(d) = 18*d + 10. Let y be n(7). Let v(m) = -m**3 - 5*m**2 - 2*m + 7. Let t be v(-5). Calculate the greatest common factor of y and t.
17
Let d = -23 + 40. Calculate the highest common factor of 119 and d.
17
Let u(x) = x**3 - 4*x**2 + 5*x - 2. Suppose n + 2 = -n, -4*v + 3*n + 15 = 0. Let r be u(v). Calculate the greatest common divisor of 20 and r.
4
Let w(z) = 2*z + 1. Let v be w(1). Suppose 5*u - v*u - 120 = 0. What is the greatest common factor of u and 24?
12
Suppose 3*g - 38 = -4*f, 23 = g + 5*f - 8. Let w be 75/g*(-8)/(-10). What is the greatest common divisor of w and 4?
2
Suppose 2*w + 23 = 27. Calculate the greatest common factor of w and 22.
2
Suppose -15 = 6*x - 5*x. Let f = 27 + x. Let h be 22/8 + (-2)/(-8). What is the highest common factor of h and f?
3
Let u(w) = 9*w - 9. Let f be u(7). Suppose -4*l + 139 = -a, 67 = -3*l + 5*l - a. Calculate the greatest common factor of l and f.
18
Let s be (-9 - -3)*3/2. Let k = -6 - s. Suppose 4*l - 108 = -k*q - 16, -3*q - 5*l + 88 = 0. What is the highest common divisor of q and 12?
12
Suppose -5*o = -4*t - 58, 5*t = 9 + 6. What is the highest common divisor of o and 7?
7
Let m be (1/2 + 0)*2. Suppose -7*h + 3*h = 0. Let s(o) = o + 11. Let d be s(h). Calculate the greatest common divisor of d and m.
1
Suppose 0 = x + 3*s - 34, x + 4*x - 3*s = 98. What is the greatest common factor of x and 198?
22
Let x be 26/6 - 4/(-6). What is the highest common factor of x and 20?
5
Suppose 0 = 2*h - 0 - 4. Let b be 5/(1/(1/1)). Suppose -f + h*x + 18 = 0, -b*f + 87 = 3*x - 3. Calculate the greatest common factor of f and 12.
6
Let c = -6 + 46. Calculate the highest common divisor of c and 8.
8
Let n = -2 - -29. Suppose -3*q + n = 5*i - 0*q, 3*q = 4*i. Suppose -i*o + 29 = -10. What is the highest common factor of o and 39?
13
Let j be 9/(-2)*(-7 + 5). Calculate the greatest common factor of j and 72.
9
Suppose -4 = -93*j + 92*j. What is the greatest common divisor of 8 and j?
4
Let n(q) = q**3 - 4*q**2 + q - 4. Let r be n(4). Suppose r*i = i - 22. Calculate the greatest common divisor of 55 and i.
11
Suppose -x = -6*x + 20. Suppose 4*r = x*n + 12, 0*n + 5 = n. Calculate the highest common factor of 56 and r.
8
Let q be -1 + (22 - (4 + -5)). What is the highest common divisor of 66 and q?
22
Let q = 15 + -23. Let j be (20/(-8))/(2/q). Calculate the highest common factor of 80 and j.
10
Let x be (-2)/(-4)*4*-4. Let k = 18 + x. Calculate the highest common factor of k and 90.
10
Suppose 0 = w - 6*w + 50. Calculate the highest common divisor of w and 5.
5
Let o(n) = -2*n**2 + 2*n - 2. Let x be o(4). Let z = -8 + -10. Let f = z - x. Calculate the highest common divisor of 8 and f.
8
Let g(h) = h**3 + 18. Let a be g(0). Let w be (-109)/(-2) - 5/10. What is the greatest common divisor of a and w?
18
Suppose -4*l + 2*l = -4. Let y be 1/(-2) - (-23)/l. Calculate the highest common factor of y and 121.
11
Let h = 0 - -3. Let c be 1/4 + (-14)/(-8). Let p be (-2)/((3 - 4)*c). What is the greatest common factor of p and h?
1
Let f be 8 + -9 + 1*9. Let d = -119 - -283. Suppose 3*b - d = -4*u + b, -3*b = 2*u - 86. What is the greatest common divisor of f and u?
8
Suppose 5*o - 2*q - 1489 = -0*q, -5*o - q + 1483 = 0. Calculate the highest common divisor of o and 33.
33
Suppose 0 = 3*h - 1 - 23. What i